lculate the remainder when 225 is divided by (-1 + (-25)/(-15))*69.
41
Let m(d) = 6*d**3 - 7*d**2 + 4*d + 4. Calculate the remainder when 127 is divided by m(2).
31
Let m = -901 - -1476. Calculate the remainder when m is divided by 9.
8
Let u = -2 + 7. Suppose u*w - 2*c - 473 = 0, -5*w - 11 = -3*c - 488. What is the remainder when w is divided by 24?
21
Suppose 2*a = -s - 0 + 16, 0 = 5*s + a - 71. Calculate the remainder when s is divided by 5.
4
Suppose x = -k + 82, 2*x - 22 - 140 = -k. Calculate the remainder when x is divided by 75.
5
Suppose 5*h + 8 = 9*h. What is the remainder when h + (-5 - 0 - -154) is divided by 38?
37
Suppose 47*h - 52*h = -20. Suppose h*s = 3*m + 53, 0 = -0*s + 5*s + m - 71. Calculate the remainder when (-1)/(-2 + 53/27) is divided by s.
13
Suppose -3*y - 81 = -b + 23, -2*b + y + 193 = 0. What is the remainder when b is divided by 16?
15
Let n = 284 + -205. Calculate the remainder when n is divided by 18.
7
Let n be (-24)/(-4)*189/6. Suppose -10*s + n = -s. What is the remainder when 83 is divided by s?
20
Let k = -106 - -247. Calculate the remainder when k is divided by 29.
25
What is the remainder when 131 is divided by (153/(-12))/(45/(-60))?
12
Suppose -2*v - 2*v + 3*j = -21, 5*v - 9 = -2*j. Suppose 2*k + 25 = 2*p - 3, -v*k = 5*p - 54. What is the remainder when 32 is divided by p?
8
Let x(r) = 3*r**2 - 8*r + 7. Let i(n) = 2*n**2 + 2 + 5*n**2 - 2*n + n**3 - 5 + 2*n**2. Calculate the remainder when x(5) is divided by i(-9).
12
Let x(y) = 42*y**2 - 2*y - 1. What is the remainder when x(-1) is divided by ((-4)/6)/(1*12/(-396))?
21
Let g = -82 - -94. Let y = g - -4. Calculate the remainder when 77 is divided by y.
13
Let c(a) = a**3 + 15*a**2 - 3*a - 24. Let y = 60 + 0. Calculate the remainder when y is divided by c(-15).
18
Suppose 8*k = 33*k - 4950. What is the remainder when k is divided by 4?
2
Let d(k) = 2*k + 5. What is the remainder when 29 is divided by d(5)?
14
Suppose b - 2*p + 156 = 5*b, p + 188 = 5*b. Suppose -b = n - 99. Calculate the remainder when n is divided by 16.
13
Suppose -4*t - r + 181 = 0, 3*r + r = -12. Calculate the remainder when 365 is divided by t.
43
Let v(w) = 5 + 7*w - 3*w + 3 - 1. Calculate the remainder when v(16) is divided by 15.
11
Let k(h) = -5*h + 5. Let y be k(-3). Let g(p) = p - 15. Calculate the remainder when 9 is divided by g(y).
4
Suppose 0 = 4*d + 5*f - 2 + 16, -4*f = 3*d + 10. Let v(r) = -r**3 - 5*r**2 + 4*r + 18. Calculate the remainder when v(d) is divided by 17.
13
What is the remainder when 65 is divided by (-13)/(-26) + -1 + (-42)/(-4)?
5
Calculate the remainder when 106 is divided by ((-75)/(-20))/((-15)/(-144)).
34
Suppose 3*g = -2*k - 19 + 333, 5*g + 4*k = 524. What is the remainder when g is divided by 18?
14
Let o(d) = -d**3 + 34*d**2 - 118*d - 11. Calculate the remainder when o(30) is divided by 37.
12
Let n(d) = -9*d - 4. Calculate the remainder when 53 is divided by n(-2).
11
Let r be -9 + -9 - (-5 + 2). Let t = 20 + r. Suppose -5*q + t*y = -80, 5*q - 3*y - 31 - 59 = 0. Calculate the remainder when q is divided by 8.
5
Let c(s) = -s**3 + 12*s**2 + 17*s - 25. Suppose -65 = -5*g - 4*p, 2*g - 28 = 2*p - 2. What is the remainder when 37 is divided by c(g)?
10
Let y(x) = 2*x**2 + 4*x - 49. Suppose 16 = 3*t - 38. What is the remainder when y(-8) is divided by t?
11
Suppose -2*z + 62 = -32. Calculate the remainder when z is divided by 36.
11
Suppose -495 = -5*z - 5*d, z + d - 103 = -4*d. Suppose -6 - z = -4*i. What is the remainder when i is divided by 9?
8
Suppose -6*p + 12 + 12 = 0. Calculate the remainder when 57 is divided by p.
1
Suppose 14*j + 959 = 2751. What is the remainder when j is divided by 33?
29
Let i be (-48 - -1) + (-1)/1. Let a = -34 - i. Calculate the remainder when 39 is divided by a.
11
Suppose -2*s - 3*s = 4*t - 94, t = 3*s - 53. Calculate the remainder when 231 is divided by s.
15
Suppose 2*n + 177 = 199. Calculate the remainder when 71 is divided by n.
5
Let w = -1300 + 2998. What is the remainder when w is divided by 81?
78
Suppose -i + 10*i - 1773 = 0. What is the remainder when i is divided by 50?
47
Let a = 471 + -277. Suppose 83*c = 36*c + 1833. Calculate the remainder when a is divided by c.
38
Let l be (2/(-3))/((-24)/1980). Suppose -4*m + 4*q = 5*q - 77, 2*m = 5*q + l. What is the remainder when m is divided by 12?
8
Let b(u) = -u**3 - 4*u**2 + 2*u - 5. Suppose 8*p + 6 = 5*p. Let w(q) = q**3 + 2*q**2 - 2*q - 1. Calculate the remainder when b(-5) is divided by w(p).
1
Let p(u) = 2*u + 62. Calculate the remainder when p(23) is divided by 30.
18
Let s(r) = -27 + 13 + 16 - r. What is the remainder when 18 is divided by s(-6)?
2
Let n(x) = -x + 46. Let d(z) = -3*z - 43. Let s be d(-17). What is the remainder when n(0) is divided by (((-54)/s)/(-3))/((-21)/(-224))?
22
Suppose -26*q - 149 = -50*q + 187. Let k(s) = 5*s**2 - 3*s - 3. What is the remainder when k(-3) is divided by q?
9
Suppose 0 = -5*f + 3*p + 199, -f + 4*p = -p - 31. Suppose -4*m - 4*z + 39 = m, -3*m = -3*z - 45. What is the remainder when f is divided by (0 - 1) + (m - -4)?
13
Let a = -70 - -95. Let w = a + 31. Suppose 0 = 4*l - 32 - 28. Calculate the remainder when w is divided by l.
11
Let q(g) = g**3 + 2*g - 3. Let y be q(-3). Let s = 54 + y. Calculate the remainder when s is divided by 12.
6
Let r = -910 + 1011. Calculate the remainder when 365 is divided by r.
62
Let u = -187 + 433. Suppose 3*g - u = -24. Calculate the remainder when g is divided by 26.
22
Let s be (-2)/(-8) - 51/12. Let q = 18 - s. What is the remainder when (-9)/(-5)*(-1330)/(-57) is divided by q?
20
Suppose -92 + 62 = -3*a. What is the remainder when 606 is divided by a?
6
What is the remainder when 28 is divided by 4/8*500/10?
3
Let p(m) = -m**3 + 6*m**2 + 6*m - 8. Let q(k) = -2*k - 4. Let g be q(-5). Let a = -16 + 70. Calculate the remainder when a is divided by p(g).
26
Let j = -29 + 33. Suppose 5*w = 4*h - 198, j*h + 4*w - 16 = 164. Calculate the remainder when 186 is divided by h.
45
Suppose 72 = 11*r - 93. Let v(w) = w**3 - 16*w**2 + 14*w + 31. What is the remainder when 223 is divided by v(r)?
15
Let k(p) = -7*p**2 - 33*p + 3. What is the remainder when 108 is divided by k(-3)?
30
Suppose 5*l - 6*l = 8. What is the remainder when 56 is divided by (58/l)/((-2)/(5 - -3))?
27
Let t(z) = -z**3 + 13*z**2 - 11*z - 7. Let n be ((-3)/(-9))/((-1)/(-24)). Let f be t(n). Suppose -3*d = -8*d + f. What is the remainder when d is divided by 24?
21
Suppose -4*s + 5*l + 301 = 0, -s + 4*l - 11 = -89. What is the remainder when s is divided by 20?
14
Let k(j) = -j**3 + 34*j**2 + 5*j + 218. What is the remainder when k(34) is divided by 130?
128
What is the remainder when 223 is divided by (7/21*-38)/((-10)/45)?
52
Suppose 4*f - u - 10 = 0, 0*u = -2*f + u + 6. Suppose f*o + 4 = -0*o. Calculate the remainder when o/3 - (-170)/3 is divided by 29.
27
Suppose -4*o = -164 - 220. What is the remainder when o is divided by 21?
12
Let n be 167/2 - (3 - 35/14). Suppose -5*r - n = -258. What is the remainder when r is divided by 9?
8
Let v = 42 - 37. What is the remainder when 378 is divided by v?
3
Suppose -31 = -2*t - a, -5*t = -2*a - 4 - 60. What is the remainder when 95 is divided by t?
11
Suppose -4*h - 2*g + 75 + 35 = 0, -2*g - 114 = -4*h. Suppose 0 = -4*w + 132 - h. Calculate the remainder when 101 is divided by w.
23
Let b = 99 - 79. What is the remainder when 274 is divided by b?
14
Let w be (-10)/(8/12*-3). What is the remainder when 32 is divided by ((-7)/(-5))/(1/w)?
4
Suppose 53*l - 95 = 1548. Let z = -8 + 28. Suppose 2*o = z + 2. Calculate the remainder when l is divided by o.
9
Let v(s) = -4*s - 8. Let z(l) = l**2 + 2*l - 2. Let g be z(3). Suppose -5*h - g = -5*u + 32, 5*h + 24 = 2*u. Calculate the remainder when v(-8) is divided by u.
3
Suppose -148 = -0*a - 2*a. Let u = -64 + a. Calculate the remainder when 39 is divided by u.
9
Let v = 36 + 354. Calculate the remainder when v is divided by 28.
26
Let f(d) = 2*d**2 + 3*d + 5. Calculate the remainder when f(-11) is divided by 66.
16
Let y(h) = 11*h + 4. Suppose -5*z + 20 = -z. Let n = -3671 + 3691. What is the remainder when y(z) is divided by n?
19
Suppose 4*y = 7 + 1. Calculate the remainder when 145/y*((-84)/10)/(-7) is divided by 22.
21
Suppose -6*